 divided by 69.
27
Calculate the remainder when 669 is divided by 16.
13
What is the remainder when 1102 is divided by 85?
82
What is the remainder when 230 is divided by 58?
56
Calculate the remainder when 139 is divided by 50.
39
What is the remainder when 917 is divided by 46?
43
What is the remainder when 2710 is divided by 665?
50
Calculate the remainder when 434 is divided by 12.
2
What is the remainder when 49 is divided by 15?
4
What is the remainder when 397 is divided by 21?
19
Calculate the remainder when 473 is divided by 28.
25
Calculate the remainder when 525 is divided by 44.
41
What is the remainder when 742 is divided by 62?
60
Calculate the remainder when 638 is divided by 32.
30
What is the remainder when 2172 is divided by 720?
12
What is the remainder when 459 is divided by 23?
22
Calculate the remainder when 72 is divided by 39.
33
What is the remainder when 111 is divided by 3?
0
Calculate the remainder when 201 is divided by 10.
1
What is the remainder when 8328 is divided by 14?
12
What is the remainder when 5848 is divided by 38?
34
Calculate the remainder when 11028 is divided by 269.
268
What is the remainder when 81 is divided by 29?
23
What is the remainder when 703 is divided by 700?
3
What is the remainder when 886 is divided by 89?
85
What is the remainder when 690 is divided by 325?
40
Calculate the remainder when 74 is divided by 28.
18
What is the remainder when 107 is divided by 22?
19
What is the remainder when 755 is divided by 9?
8
Calculate the remainder when 250 is divided by 85.
80
Calculate the remainder when 1564 is divided by 29.
27
Calculate the remainder when 177 is divided by 8.
1
Calculate the remainder when 1531 is divided by 26.
23
What is the remainder when 180 is divided by 77?
26
What is the remainder when 65 is divided by 10?
5
Calculate the remainder when 618 is divided by 69.
66
What is the remainder when 4904 is divided by 175?
4
What is the remainder when 115 is divided by 30?
25
Calculate the remainder when 4181 is divided by 23.
18
What is the remainder when 365 is divided by 12?
5
Calculate the remainder when 343 is divided by 69.
67
Calculate the remainder when 1112 is divided by 93.
89
Calculate the remainder when 57 is divided by 27.
3
Calculate the remainder when 68 is divided by 23.
22
Calculate the remainder when 995 is divided by 81.
23
What is the remainder when 37 is divided by 8?
5
Calculate the remainder when 85 is divided by 38.
9
Calculate the remainder when 626 is divided by 75.
26
Calculate the remainder when 7026 is divided by 41.
15
What is the remainder when 165 is divided by 6?
3
Calculate the remainder when 1140 is divided by 553.
34
Calculate the remainder when 81 is divided by 71.
10
Calculate the remainder when 1566 is divided by 49.
47
Calculate the remainder when 1150 is divided by 18.
16
What is the remainder when 2252 is divided by 46?
44
Calculate the remainder when 22124 is divided by 177.
176
Calculate the remainder when 998 is divided by 16.
6
What is the remainder when 2344 is divided by 50?
44
Calculate the remainder when 1137 is divided by 60.
57
What is the remainder when 493 is divided by 31?
28
What is the remainder when 229 is divided by 47?
41
What is the remainder when 928 is divided by 98?
46
What is the remainder when 64 is divided by 29?
6
Calculate the remainder when 720 is divided by 32.
16
What is the remainder when 136 is divided by 40?
16
Calculate the remainder when 2270 is divided by 564.
14
What is the remainder when 33298 is divided by 50?
48
What is the remainder when 136 is divided by 33?
4
What is the remainder when 677 is divided by 34?
31
What is the remainder when 17 is divided by 16?
1
Calculate the remainder when 339 is divided by 53.
21
What is the remainder when 45 is divided by 4?
1
What is the remainder when 83 is divided by 54?
29
Calculate the remainder when 826 is divided by 23.
21
What is the remainder when 328 is divided by 55?
53
What is the remainder when 1523 is divided by 220?
203
What is the remainder when 81 is divided by 4?
1
What is the remainder when 3621 is divided by 22?
13
Calculate the remainder when 282 is divided by 185.
97
What is the remainder when 6940 is divided by 31?
27
What is the remainder when 585 is divided by 173?
66
Calculate the remainder when 13334 is divided by 117.
113
Calculate the remainder when 690 is divided by 401.
289
What is the remainder when 2035 is divided by 97?
95
Calculate the remainder when 404 is divided by 37.
34
What is the remainder when 4465 is divided by 4456?
9
What is the remainder when 118 is divided by 12?
10
Calculate the remainder when 366 is divided by 41.
38
What is the remainder when 3237 is divided by 81?
78
What is the remainder when 114 is divided by 60?
54
What is the remainder when 191 is divided by 99?
92
What is the remainder when 407 is divided by 17?
16
Calculate the remainder when 121 is divided by 34.
19
Calculate the remainder when 30 is divided by 5.
0
Calculate the remainder when 831 is divided by 208.
207
What is the remainder when 220 is divided by 46?
36
What is the remainder when 666 is divided by 52?
42
What is the remainder when 134 is divided by 27?
26
Calculate the remainder when 86 is divided by 19.
10
What is the remainder when 96 is divided by 27?
15
Calculate the remainder when 145 is divided by 38.
31
What is the remainder when 178 is divided by 20?
18
What is the remainder when 1559 is divided by 22?
19
Calculate the remainder when 933 is divided by 60.
33
What is the remainder when 1475 is divided by 728?
19
Calculate the remainder when 338 is divided by 103.
29
Calculate the remainder when 301 is divided by 18.
13
Calculate the remainder when 1128 is divided by 71.
63
What is the remainder when 471 is divided by 95?
91
Calculate the remainder when 6803 is divided by 8.
3
Calculate the remainder when 448 is divided by 41.
38
What is the remainder when 164 is divided by 21?
17
Calculate the remainder when 993 is divided by 955.
38
Calculate the remainder when 1404 is divided by 679.
46
What is the remainder when 142 is divided by 13?
12
What is the remainder when 118 is divided by 17?
16
Calculate the remainder when 447 is divided by 175.
97
What is the remainder when 334 is divided by 51?
28
Calculate the remainder when 165 is divided by 47.
24
Calculate the remainder when 1174 is divided by 171.
148
Calculate the remainder when 118 is divided by 26.
14
What is the remainder when 449 is divided by 83?
34
Calculate the remainder when 79 is divided by 41.
38
Calculate the remainder when 141 is divided by 24.
21
What is the remainder when 443 is divided by 6?
5
Calculate the remainder when 2698 is divided by 180.
178
What is the remainder when 376 is divided by 27?
25
What is the remainder when 535 is divided by 26?
15
What is the remainder when 104 is divided by 72?
32
What is the remainder when 10 is divided by 8?
2
What is the remainder when 190 is divided by 141?
49
What is the remainder when 355 is divided by 60?
55
What is the remainder when 399 is divided by 63?
21
What is the remainder when 1328 is divided by 222?
218
Calculate the remainder when 685 is divided by 154.
69
What is the remainder when 3726 is divided by 4?
2
Calculate the remainder when 498 is divided by 97.
13
What is the remainder when 4896 is divided by 2422?
52
What is the remainder when 83 is divided by 12?
11
Calculate the remainder when 1970 is divided by 116.
114
What is the remainder when 343 is divided by 55?
13
What is the remainder when 101 is divided by 35?
31
What is the remainder when 63 is divided by 37?
26
Calculate the remainder when 567 is divided by 321.
246
Calculate the remainder when 2968 is divided by 90.
88
Calculate the remainder when 7971 is divided by 2651.
18
Calculate the remainder when 143 is divided by 40.
23
What is the remainder when 895 is divided by 12?
7
What is the remainder when 2389 is divided by 80?
69
What is the remainder when 204 is divided by 23?
20
Calculate the remainder when 21 is divided by 11.
10
What is the remainder when 807 is divided by 3?
0
Calculate the remainder when 2181 is divided by 2179.
2
Calculate the remainder when 1116 is divided by 28.
24
Calculate the remainder when 251 is divided by 86.